16 and 1683?
9
What is the greatest common factor of 16940 and 10220?
140
Calculate the highest common divisor of 62526 and 204.
102
Calculate the highest common factor of 543453 and 214.
107
What is the highest common factor of 646 and 29410?
34
What is the highest common divisor of 14168 and 44?
44
Calculate the highest common divisor of 118415 and 88.
11
What is the greatest common factor of 406 and 2099426?
406
Calculate the highest common divisor of 5625 and 1620.
45
Calculate the highest common divisor of 83335 and 5.
5
What is the highest common divisor of 50 and 75880?
10
What is the greatest common divisor of 8381 and 4031?
29
Calculate the greatest common divisor of 204 and 190468.
68
What is the greatest common divisor of 952 and 392?
56
Calculate the greatest common factor of 10 and 3524.
2
What is the greatest common divisor of 13626 and 738?
18
What is the greatest common factor of 23 and 667391?
23
Calculate the greatest common factor of 280 and 515655.
35
Calculate the greatest common factor of 2 and 7085.
1
What is the highest common factor of 11647133 and 38?
19
Calculate the greatest common factor of 180810 and 90.
90
What is the greatest common divisor of 7 and 4149901?
7
What is the highest common divisor of 16704 and 255168?
576
Calculate the highest common factor of 4135 and 26464.
827
Calculate the highest common factor of 476 and 181594.
238
Calculate the highest common divisor of 65813 and 3069.
341
Calculate the highest common divisor of 26 and 227162.
26
What is the greatest common factor of 884 and 1105?
221
Calculate the greatest common divisor of 39970 and 686.
14
Calculate the highest common divisor of 160 and 68.
4
Calculate the highest common factor of 93964 and 37252.
556
What is the greatest common divisor of 15148 and 196?
28
What is the greatest common divisor of 268 and 9916?
268
Calculate the highest common factor of 1298156 and 372.
124
What is the highest common divisor of 15235 and 125?
5
Calculate the highest common factor of 9797 and 19291.
101
What is the highest common factor of 328 and 53608?
8
Calculate the greatest common factor of 153 and 1377.
153
What is the highest common divisor of 19492 and 73538?
886
What is the greatest common divisor of 94 and 11374?
94
What is the highest common factor of 1094476 and 190?
38
What is the greatest common factor of 347840 and 64?
64
Calculate the highest common divisor of 1055 and 940.
5
What is the highest common factor of 635844 and 396?
132
What is the highest common divisor of 354 and 3229542?
354
Calculate the highest common factor of 900 and 1490.
10
Calculate the highest common factor of 8955 and 63.
9
Calculate the highest common factor of 9979 and 147337.
587
Calculate the greatest common factor of 2346 and 6900.
138
Calculate the highest common factor of 1626395 and 10888.
1361
What is the greatest common factor of 2119 and 637?
13
Calculate the highest common factor of 42627 and 195.
39
What is the highest common divisor of 761684 and 88?
44
Calculate the greatest common divisor of 368126 and 319.
319
What is the greatest common factor of 1587 and 633?
3
What is the highest common factor of 18179 and 8575?
343
Calculate the greatest common divisor of 5428 and 66788.
236
What is the greatest common factor of 491619 and 666?
111
What is the highest common divisor of 175760 and 338?
338
Calculate the greatest common divisor of 26038 and 76729.
277
What is the greatest common factor of 28 and 5663?
7
What is the greatest common factor of 29792245 and 391?
391
Calculate the greatest common divisor of 580 and 612770.
290
Calculate the highest common divisor of 1748 and 2432.
76
What is the greatest common divisor of 55936 and 437?
437
What is the greatest common factor of 843399 and 18?
9
What is the highest common divisor of 2786717 and 137?
137
Calculate the greatest common divisor of 3096045 and 5.
5
What is the greatest common factor of 1200 and 2925?
75
What is the highest common divisor of 6789 and 18177?
219
What is the highest common divisor of 7105 and 108605?
1015
Calculate the greatest common divisor of 5 and 36755.
5
Calculate the greatest common factor of 1408 and 1111.
11
What is the greatest common divisor of 20736 and 891?
81
Calculate the greatest common factor of 123464 and 44.
44
Calculate the greatest common divisor of 95349 and 2442.
111
Calculate the highest common factor of 557476 and 8.
4
What is the greatest common divisor of 17295 and 5895?
15
What is the greatest common factor of 16352007 and 21?
21
Calculate the greatest common divisor of 10 and 43030.
10
What is the highest common factor of 486 and 209574?
54
What is the greatest common divisor of 32 and 18776?
8
What is the greatest common factor of 8525262 and 318?
318
Calculate the highest common divisor of 3468 and 226491.
51
What is the greatest common divisor of 43419 and 246?
123
What is the highest common factor of 397243 and 31339?
847
What is the highest common divisor of 1352 and 25181?
169
What is the greatest common divisor of 891 and 124817?
11
What is the highest common factor of 44121 and 3003?
231
Calculate the greatest common divisor of 1771 and 112.
7
What is the greatest common divisor of 26 and 189358?
26
What is the greatest common factor of 487 and 584887?
487
What is the greatest common factor of 8029 and 5698?
259
Calculate the greatest common divisor of 9265 and 1190.
85
What is the greatest common factor of 766824 and 51264?
2136
Calculate the greatest common factor of 204 and 136824.
12
Calculate the greatest common factor of 21047 and 78.
13
Calculate the greatest common divisor of 4 and 1201.
1
What is the highest common factor of 39720 and 6?
6
What is the highest common factor of 147848 and 8?
8
What is the highest common divisor of 3537709 and 83?
83
Calculate the highest common divisor of 444 and 1373514.
222
Calculate the highest common divisor of 429 and 11297.
143
What is the greatest common factor of 94 and 1627516?
94
Calculate the greatest common factor of 16 and 96936.
8
What is the highest common factor of 131095 and 501?
167
What is the greatest common divisor of 200 and 19980?
20
What is the highest common factor of 452 and 604663?
113
Calculate the greatest common factor of 25 and 527075.
25
What is the highest common divisor of 198 and 153747?
99
What is the greatest common divisor of 12315 and 5775?
15
Calculate the greatest common factor of 741435 and 45.
15
What is the highest common divisor of 96120 and 840?
120
Calculate the highest common factor of 3113 and 1375.
11
What is the greatest common factor of 40057 and 41?
41
Calculate the greatest common divisor of 21016940 and 14.
14
Calculate the greatest common divisor of 611744 and 154.
14
Calculate the highest common factor of 98 and 5577082.
98
What is the greatest common divisor of 535195 and 290?
145
Calculate the highest common factor of 38889 and 46041.
447
Calculate the highest common factor of 238370 and 15730.
1210
What is the highest common divisor of 656260 and 3960?
220
Calculate the greatest common divisor of 15830 and 20.
10
Calculate the highest common divisor of 8 and 632.
8
What is the highest common divisor of 9 and 26067?
3
What is the greatest common factor of 150034 and 10?
2
Calculate the highest common divisor of 30056 and 3094.
442
Calculate the highest common factor of 670 and 30070.
10
What is the highest common divisor of 11850 and 20175?
75
What is the greatest common factor of 319576 and 258?
86
What is the highest common divisor of 147 and 2702?
7
Calculate the highest common factor of 2470 and 4615.
65
What is the greatest common divisor of 23410 and 140?
10
Calculate the greatest common factor of 3978 and 11288.
34
What is the greatest common factor of 4 and 19732?
4
What is the greatest common factor of 35559 and 878?
439
What is the greatest common divisor of 5552 and 315076?
1388
What is the highest common factor of 402 and 1113?
3
What is the greatest common divisor of 475 and 3173?
19
Calculate the highest common factor of 1561 and 5129.
223
Calculate the greatest common divisor of 845 and 11843.
13
What is the greatest common divisor of 143 and 128765?
13
What is the highest common factor of 6069 and 9?
3
What is the highest com